) be the second derivative of -m**3/3 - 15*m**2/2 - 1879*m. Give d(4).
-23
Let w(m) be the first derivative of -m**3/3 - 2*m**2 - 5*m + 1. Let l = 131 - 119. Suppose l*n + 75 = -3*n. Give w(n).
-10
Let f(n) = -130*n - 3. Let g(d) = -23*d**2 - 41*d + 10. Let p be g(-2). Determine f(p).
-3
Let x(d) = -d**3 + 6*d**2 + 3*d - 12. Let p be x(6). Suppose 0*v - 33 = -5*a - v, -5*a + 2*v = -39. Let j(y) = p + 3 - a*y + 5 + y**2 - 10. Give j(5).
-6
Let n(t) = t - 7. Let z(f) = -f + 7. Let j(r) = 3*r**2 - 4*r - 1. Let l be j(6). Let p = -87 + l. Let b(x) = p*z(x) - 3*n(x). What is b(7)?
0
Let o(w) be the third derivative of -w**5/60 + w**4/4 + 7*w**3/3 - 8*w**2 - 100. Calculate o(8).
-2
Let d(f) = 42*f - 3*f**2 - 2 + 2*f**3 + 0*f**3 + 37*f - 82*f - 2. Let u(v) = -2*v**3 + 4*v**2 + 3*v + 4. Let c(g) = -6*d(g) - 5*u(g). Give c(-2).
6
Let p(r) = 857*r + 91704. Let d be p(-107). Let q(n) = -2*n + 1. Let t be 6 - (2 - (-1)/(-1)). Let b(i) = 3*i - 2. Let z(h) = t*q(h) + 3*b(h). Determine z(d).
-6
Let y(w) = -w**3 - 2*w**2 + 9*w + 11. Suppose b - 21 = -5*t - 4, -7*b - 5 = 4*t. What is y(b)?
-7
Let c(h) = 6103*h + 6107*h - 12214*h - h**3 - 2 - 6*h**2. Calculate c(-3).
-17
Let h(p) = -3*p. Let v(c) = -21*c - 25*c + 32*c. Let n(x) = 9*h(x) - 2*v(x). Suppose 2*q + 3*q + 5 = 0. What is n(q)?
-1
Let i(l) = -l + 2. Let v be (4 - 0)*(-36)/144. Calculate i(v).
3
Let w(v) = 18*v**3 - v**2 + v. Suppose -14*o + 0 = 742. Let c = o - -54. Calculate w(c).
18
Suppose 5*z - 3 + 68 = 4*o, 3*z = 3*o - 51. Suppose v + 18 = o. Let x be ((-1)/v*1)/(2/24). Let t(d) = -d**3 - 7*d**2 - 5*d + 3. What is t(x)?
-3
Let r(l) = 4*l**2 + l - 32. Let g be r(0). Let p be g/48*9/(-2). Let z(u) = 2*u**2 - 2 + u**p - 75*u + 2*u**2 + 70*u. What is z(-5)?
-2
Let h(s) = -6*s**2 + 12*s + 7. Let w(z) = -11*z**2 + 23*z + 12. Let k(l) = -9*h(l) + 5*w(l). Calculate k(8).
-11
Let t(f) = 5*f + 33. Let m be 7*(4/5 + (-1325)/875). Calculate t(m).
8
Let i(j) = 6 - 2 - 6*j + 5*j. Let o be (-2 + 6)*-33*44/(-24). Let h = 238 - o. Give i(h).
8
Let q = 4701 + -4710. Let o(y) = 3*y**3 + 8*y**2 - 5*y + 14. Let c(t) = 16*t**3 + 40*t**2 - 24*t + 71. Let f(a) = -2*c(a) + 11*o(a). What is f(q)?
-6
Let t(c) = -c**3 + 8*c**2 - 9*c + 16. Let v be 15600/(-216) + (-6)/(-27) + 0. Let d = -65 - v. What is t(d)?
2
Let m(z) = 2591 + 2568 + 6*z - 14*z - 5113. Determine m(8).
-18
Let o be -3 - (-2 + (-2 - -3)). Let b(d) = -3*d + 3. Let c(a) = 13*a - 13. Let l(t) = -t**2 + t + 18. Let w be l(0). Let f(g) = w*b(g) + 4*c(g). Determine f(o).
6
Let c(v) be the third derivative of -102*v**2 + 0*v + 2 - 4/3*v**3 + 1/10*v**5 - 11/24*v**4 + 1/120*v**6. Give c(-7).
20
Let w(i) = -2*i**2 + 12*i - 31. Let q be w(9). Let m = q - -78. Let v(z) = -z**3 - 8*z**2 - 9*z - 9. Determine v(m).
5
Suppose 2*t - 5*t + 3 = 0. Let y(u) = 5*u**2 + 3*u - 2*u + 5*u - u**3 - 4*u + t. Suppose 188*f - 193*f = -25. Give y(f).
11
Let p(g) = -g**2 - 9*g - 1. Suppose 0 = 5*z - 35 - 85. Let k = z - 13. Suppose 29 + k = -5*o. What is p(o)?
7
Let x(c) = -5*c**2 + 4*c - 3. Let f(g) = -699*g**3 + 3*g**2 - 4*g + 3. Let u be f(1). Let j = -696 - u. Calculate x(j).
-4
Let f(y) be the first derivative of 4*y**4 - 1. Let g be (2912/(-26) + 111)/((-1)/1). Determine f(g).
16
Let g(z) = 2*z**3 - z. Let n(b) = 40*b - 33. Let h be n(1). Suppose -5*y + 12 = h*y. What is g(y)?
1
Let q(a) = a**2 + 2*a. Let u(k) = -14*k - 252. Let y be u(-19). Suppose 2*s + 5*t - 9 = 0, 5*s + 9*t - 5*t - y = 0. Give q(s).
8
Let c be 1/((27/(-9) + 11)/(4 + 4)). Let l(a) = 16*a + 22. Calculate l(c).
38
Let n(c) be the first derivative of 1/4*c**4 + 1/20*c**5 + 19 + 1/360*c**6 + 3*c**3 + 0*c + 0*c**2. Let f(j) be the third derivative of n(j). Give f(-4).
-2
Let n(a) = 21*a - 13 - a**2 - 109 + 1 + 6. Determine n(12).
-7
Let r be (-1 + (-16)/(-10))/(26/130). Let c(h) = 9 + 1 - 1 + h - r*h. Give c(7).
-5
Let m be (1 + -1)/1 - -2. Let r be 78/18 + (5/3 - 3). Let q(k) = -3*k**3 + 7*k**3 + 2*k + 2*k**r - 7*k**3. Give q(m).
-4
Let c(m) = 45*m + 257. Suppose u + h = -5, 16*u = 20*u + 3*h + 21. Calculate c(u).
-13
Let z be (-2)/24 - (-730)/120. Let t(m) = -4 - 2*m - 2 - 2 + 4*m. Determine t(z).
4
Let a(l) be the third derivative of -l**4/6 + l**3/6 - 12*l**2 + l. What is a(2)?
-7
Let k(l) = -l**2 - 12*l - 14. Suppose -4*g - 32 = -16, 9 = i - 3*g. What is k(i)?
13
Suppose 80*l = 17*l + 221 - 32. Let u(h) be the second derivative of 0 + 0*h**2 + 1/6*h**l + 34*h. Calculate u(5).
5
Let r(d) = d**2 + 537*d - 3 - 265*d - 273*d + 5*d**3. Give r(2).
39
Suppose 3*p = 2*p + 9. Let t(j) = -j**3 + 8*j**2 + 8*j + 11. Let c be t(p). Let g(s) be the first derivative of s**4/4 - 3*s**2/2 + 2*s - 34. What is g(c)?
4
Let u = -5505 - -5499. Let s(n) = 19*n + 118. Give s(u).
4
Let d(a) = -2*a + 4*a**2 + 1 + 4*a + 0*a. Suppose 147 - 475 - 461 = 722*h - 67. Calculate d(h).
3
Let k(x) = -2. Let g(z) = 2*z - 7. Let r be (-272)/(-48) - (-1 + (-4)/(-6)). Let c(a) = r*k(a) - 2*g(a). Calculate c(2).
-6
Let n(k) = -k**2 - 28*k - 103. Let l(j) = 89*j + 6493. Let t be l(-73). Give n(t).
-7
Let s(o) = -9*o**2 + 12*o + 33. Suppose -157*m + 9652 = 10123. Calculate s(m).
-84
Let v(k) = k**3 + 14*k**2 + 3. Let b = 297 + -293. Suppose -5*j = -4*d + 58, -b*d - 54 = 2*j + j. What is v(j)?
3
Let i(r) = -3*r**3 - 19*r**2 - 13*r - 8. Let p(j) = 2*j**3 - 6*j + 1. Let o(c) = -i(c) - p(c). What is o(-18)?
-11
Let s(c) = c + 2. Let r be ((-40)/15 + 2)/((-6)/36). Give s(r).
6
Let h(s) = -2*s + 43. Let q be h(10). Let t(o) = -14*o - 1. Let f be t(2). Let v = f + q. Let k(j) = j - 1. Calculate k(v).
-7
Let c(x) be the first derivative of 33*x**2/2 + 204*x + 1718. Give c(-6).
6
Let q = -11801 + 11770. Let c(o) = -o - 39. Determine c(q).
-8
Let c(z) = 40*z + 734. Let j(d) = -40*d - 628. Let q(h) = 4*c(h) + 5*j(h). Calculate q(-5).
-4
Suppose 53*j + 41 = -12. Let m be (-192)/(-168)*(10/(-4) + j). Let x(p) = p**3 + 4*p**2 - 4*p - 10. Give x(m).
6
Let y(n) = n - 9. Let o(z) = 1. Let t(d) = 4*o(d) + y(d). Suppose -18 = 3*h - 3*u, -4*h + 101*u - 28 = 98*u. Determine t(h).
-15
Let p(w) = -27*w + 22 + 49*w - 24 - 18*w. What is p(18)?
70
Let q(d) = 22*d**2 - 144*d - 634. Let k(g) = -17*g**2 + 108*g + 476. Let a(m) = 13*k(m) + 10*q(m). Give a(-31).
3
Let g(j) = -j**3 + 67*j**2 - 250*j - 117. Let p be g(63). Let q(h) be the third derivative of h**4/12 - 19*h**3/6 + 2*h**2. What is q(p)?
-1
Let z(a) = a**2 - 1. Let l be 11/(-99) + 3 + (-759)/(-27). Let q = -32 + l. Determine z(q).
0
Let z(x) = x**2 - 27*x - 101. Let j(l) = -57*l + 2424. Let r be j(42). Give z(r).
-11
Let z = -24 + 91. Suppose 193 = 2*t + z. Let k be ((-10)/(-15))/((-6)/t). Let l(j) = -j**3 - 7*j**2 - 2*j. What is l(k)?
14
Let b(o) be the first derivative of 11*o**5/10 + o**3/6 + 112*o + 38. Let t(p) be the first derivative of b(p). Give t(-1).
-23
Suppose 13*q - 14 - 64 = 0. Let d(g) = -q + g + 3 - 4 - 2 + 2. What is d(12)?
5
Let a = 231 + -234. Let x(j) be the second derivative of j**6/360 - j**5/40 + 2*j**4/3 - 14*j. Let l(g) be the third derivative of x(g). Determine l(a).
-9
Let y(k) = -k**3 + 3*k**2 - 3*k + 4. Let l be y(2). Let n(b) = -b**2 - 11*b**l - 1 + 4 + 13*b**2 + b. Calculate n(-3).
9
Let g(i) be the third derivative of -i**6/120 - i**5/30 - i**4/8 - i**3/6 + i**2 - 3546. Give g(-1).
1
Let u(v) = -7*v + 197. Let m(a) = -a**2 + 16*a + 326. Let s be m(27). Give u(s).
-6
Let v be (-275 - -282) + -1 + -19. Let r(f) = -f**2 - 13*f - 7. What is r(v)?
-7
Suppose -3*y + 28 = -k, 52*k - 5*y = 51*k - 38. Let w(p) = p**3 + 13*p**2 - 2*p + 4. Calculate w(k).
30
Suppose 56 = -5*b - 5*l - 29, -2*b + 3*l = 29. Let i be 1365/280 - 2/b. Let j(h) = -h**3 + 4*h**2 + 6*h. Calculate j(i).
5
Let p(v) be the first derivative of v**3 - v**2 + 17. Let a be p(0). Let m(l) = -4*l - l - l + a*l + 1. Determine m(4).
-23
Let t be ((-234)/36)/(3/6). Let i(f) = -f**3 - 14*f**2 - 9*f - 12. Determine i(t).
-64
Let j(f) = -3 + 2*f - 4*f + f**2 + 5 - 3*f. Let n(r) = -3*r + 27. Let d be n(6). Suppose d*q - q = 32. Determine j(q).
-2
Suppose 63*p + 306 = -387. Let r(v) = -2*v**2 - 18*v + 50. What is r(p)?
6
Suppose -23 = -7*s + 19. Let f(g) = -1017*g + 1019*g - 3 - s. Determine f(7).
5
Let a(c) be the second derivative of -c**5/60 - c**4/24 + 55*c**3/6 - 39*c. Let d(y) be the second derivative of a(y). What is d(2)?
-5
Let g(s)